{"id":9720,"date":"2020-07-12T08:57:24","date_gmt":"2020-07-12T08:57:24","guid":{"rendered":"https:\/\/enfermeriacanaria.com\/wptfe\/?page_id=9720"},"modified":"2025-09-08T22:24:13","modified_gmt":"2025-09-08T22:24:13","slug":"derecho-de-acceso","status":"publish","type":"page","link":"https:\/\/enfermeriacanaria.com\/wptfe\/portal-de-transparencia\/derecho-de-acceso\/","title":{"rendered":"Derecho de acceso"},"content":{"rendered":"\n<p>El Colegio de Enfermeros de Santa Cruz de Tenerife&nbsp;como corporaci\u00f3n de derecho p\u00fablico cumple con lo estipulado en las Leyes estatal y canaria de Transparencia y acceso a la informaci\u00f3n p\u00fablica.<\/p>\n\n\n\n<p>La Junta Directiva del Colegio es el \u00f3rgano competente para la resoluci\u00f3n de las solicitudes de acceso a la informaci\u00f3n p\u00fablica<\/p>\n\n\n\n<p>Este Colegio publica de forma peri\u00f3dica y actualizada la informaci\u00f3n cuyo conocimiento es relevante para garantizar la transparencia de su actividad. Adem\u00e1s, lo hace de manera clara, estructurada y entendible para los interesados, procurando de emplear formatos reutilizables y con los mecanismos adecuados para la mayor accesibilidad. Toda la informaci\u00f3n es comprensible, de f\u00e1cil y gratuito acceso.<\/p>\n\n\n\n<p>El Colegio se encuentra a disposici\u00f3n de:<\/p>\n\n\n\n<ul class=\"wp-block-list\">\n<li>A) Gestionar peticiones de acceso a la informaci\u00f3n p\u00fablica previstas en el Art\u00edculo 105.b de la Constituci\u00f3n Espa\u00f1ola.<\/li>\n\n\n\n<li>B) Recibir, tramitar y dar respuesta a solicitudes de acceso a la informaci\u00f3n obtenida o elaborada en ejercicio de sus funciones p\u00fablicas.<\/li>\n\n\n\n<li>C) Indicar en su p\u00e1gina Web las v\u00edas de solicitud de dicha informaci\u00f3n de la que se disponga por ejercicio de sus funciones p\u00fablicas, tanto de forma electr\u00f3nica (Ventanilla \u00danica) como presencial por escrito.Todas las personas tienen derecho a&nbsp;acceder a la informaci\u00f3n p\u00fablica&nbsp;en los t\u00e9rminos establecidos en la <a href=\"https:\/\/enfermeriacanaria.com\/wptfe\/wp-content\/uploads\/Ley-192013-de-9-de-diciembre-de-transparencia-acceso-a-la-informaci%C3%B3n-p%C3%BAblica-y-buen-gobierno.pdf\" target=\"_blank\" rel=\"noreferrer noopener\">ley 19\/2013, de 9 de diciembre, de transparencia<\/a>, acceso a la informaci\u00f3n p\u00fablica y buen gobierno y la <a href=\"https:\/\/enfermeriacanaria.com\/wptfe\/wp-admin\/post.php?post=11240&amp;action=edit\" target=\"_blank\" rel=\"noreferrer noopener\">Ley Canaria 12\/2014, de 26 de diciembre, de transparencia y de acceso a la informaci\u00f3n p\u00fablica<\/a>.<\/li>\n<\/ul>\n\n\n\n<p><strong>Solicitud de informaci\u00f3n<\/strong><\/p>\n\n\n\n<p><a href=\"https:\/\/enfermeriacanaria.com\/wptfe\/wp-content\/uploads\/Ley-192013-de-9-de-diciembre-de-transparencia-acceso-a-la-informaci%C3%B3n-p%C3%BAblica-y-buen-gobierno.pdf\" target=\"_blank\" rel=\"noreferrer noopener\">La Ley 19\/2013, de 9 de diciembre, de transparencia, acceso a la informaci\u00f3n p\u00fablica y buen gobierno<\/a>&nbsp;reconoce el derecho de todas las personas a acceder a la informaci\u00f3n p\u00fablica que obre en poder de las instituciones y organizaciones afectadas por esta Ley, en el desarrollo de sus funciones.<\/p>\n\n\n\n<p>En el caso de los colegios profesionales, el acceso a la informaci\u00f3n se refiere \u00fanicamente a aquella que tiene que ver con las actividades sujetas a Derecho Administrativo (art\u00edculo 2.1.e de la&nbsp;<a href=\"https:\/\/enfermeriacanaria.com\/wptfe\/wp-content\/uploads\/Ley-192013-de-9-de-diciembre-de-transparencia-acceso-a-la-informaci%C3%B3n-p%C3%BAblica-y-buen-gobierno.pdf\" target=\"_blank\" rel=\"noreferrer noopener\">Ley 19\/2013, 9 de diciembre, de Transparencia, Acceso a la Informaci\u00f3n P\u00fablica y Buen Gobierno<\/a>), y siempre teniendo en cuenta los l\u00edmites establecidos en los art\u00edculos 14 y 15 de dicha Ley.<\/p>\n\n\n\n<p>Consulte el <a href=\"https:\/\/enfermeriacanaria.com\/wptfe\/?page_id=9745\" target=\"_blank\" rel=\"noreferrer noopener\">apartado de Transparencia<\/a> y si no encuentra la informaci\u00f3n que busca, puede enviarnos su petici\u00f3n a trav\u00e9s del formulario que encontrar\u00e1 en este apartado.<\/p>\n\n\n\n<p>Cualquier otra consulta no relacionada con este \u00e1mbito puede realizarla aqu\u00ed:&nbsp;<a href=\"mailto:coleg38@coetfe.com\" target=\"_blank\" rel=\"noreferrer noopener\">coleg38@coetfe.com<\/a><\/p>\n\n\n\n<p><strong>Procedimiento<\/strong><\/p>\n\n\n\n<p>Para realizar una solicitud de informaci\u00f3n al amparo del art\u00edculo 17 de la ley 19\/2013 de 9 de diciembre, de transparencia, acceso a la informaci\u00f3n p\u00fablica y buen gobierno, debe rellenar el formulario que encontrar\u00e1 en este apartado en el que debe figurar:<\/p>\n\n\n\n<p>a) La identidad del solicitante.<\/p>\n\n\n\n<p>b) La informaci\u00f3n que se solicita.<\/p>\n\n\n\n<p>c) Una direcci\u00f3n de contacto electr\u00f3nica, a efectos de comunicaciones.<\/p>\n\n\n\n<p>El plazo general para responder a las solicitudes de informaci\u00f3n es de un mes desde su recepci\u00f3n.<\/p>\n\n\n\n<p>Este plazo es ampliable a otro mes m\u00e1s cuando el volumen o complejidad de la informaci\u00f3n lo haga necesario y previa notificaci\u00f3n al solicitante.<\/p>\n\n\n\n<p>Transcurrido el plazo m\u00e1ximo para resolver sin que se haya dictado y notificado resoluci\u00f3n expresa se entender\u00e1 que la solicitud ha sido desestimada.<\/p>\n\n\n\n<h5 class=\"wp-block-heading\"><strong>\u00d3rgano competente para resolver:&nbsp;<a href=\"https:\/\/enfermeriacanaria.com\/wptfe\/?page_id=280\" target=\"_blank\" rel=\"noreferrer noopener\">Junta de Gobierno.<\/a><\/strong><\/h5>\n\n\n\n<p>Puede interponer reclamaciones en materia de transparencia ante el&nbsp;<a href=\"https:\/\/transparenciacanarias.org\/como-reclamar\/\" target=\"_blank\" rel=\"noreferrer noopener\">Comisionado de Transparencia de Canarias.<\/a><\/p>\n\n\n\n<div class=\"wp-block-buttons is-content-justification-center is-layout-flex wp-container-core-buttons-is-layout-16018d1d wp-block-buttons-is-layout-flex\">\n<div class=\"wp-block-button\"><a class=\"wp-block-button__link wp-element-button\" href=\"https:\/\/form.jotform.com\/232982010785054\">Formulario de Solicitud de Informaci\u00f3n p\u00fablica<\/a><\/div>\n<\/div>\n\n\n\n<div class=\"wp-block-buttons is-content-justification-center is-layout-flex wp-container-core-buttons-is-layout-16018d1d wp-block-buttons-is-layout-flex\">\n<div class=\"wp-block-button\"><a class=\"wp-block-button__link wp-element-button\" href=\"https:\/\/enfermeriacanaria.com\/wptfe\/?page_id=9738#.YmfU3ufMKUk\" target=\"_blank\" rel=\"noreferrer noopener\">Estad\u00edsticas de Solicitudes de Acceso a la Informaci\u00f3n P\u00fablica<\/a><\/div>\n<\/div>\n\n\n\n<hr class=\"wp-block-separator has-alpha-channel-opacity\"\/>\n\n\n\n<div class=\"wp-block-buttons is-content-justification-center is-layout-flex wp-container-core-buttons-is-layout-16018d1d wp-block-buttons-is-layout-flex\">\n<div class=\"wp-block-button\"><a class=\"wp-block-button__link wp-element-button\" href=\"https:\/\/enfermeriacanaria.com\/wptfe\/wp-content\/uploads\/Derecho-de-acceso.odt\" target=\"_blank\" rel=\"noreferrer noopener\">Descargar como ODT<\/a><\/div>\n\n\n\n<div class=\"wp-block-button\"><a class=\"wp-block-button__link wp-element-button\" href=\"https:\/\/enfermeriacanaria.com\/wptfe\/wp-content\/uploads\/Derecho-de-acceso.docx\" target=\"_blank\" rel=\"noreferrer noopener\">Descargar como Word<\/a><\/div>\n\n\n\n<div class=\"wp-block-button\"><a class=\"wp-block-button__link wp-element-button\" href=\"https:\/\/enfermeriacanaria.com\/wptfe\/wp-content\/uploads\/Derecho-de-acceso.pdf\" target=\"_blank\" rel=\"noreferrer noopener\">Descargar como PDF<\/a><\/div>\n<\/div>\n\n\n\n<p><strong>\u00daltima modificaci\u00f3n 04\/07\/2025<\/strong><\/p>\n\n\n\n<p><\/p>\n<div class=\"pvc_clear\"><\/div><p id=\"pvc_stats_9720\" class=\"pvc_stats all  \" data-element-id=\"9720\" style=\"\"><i class=\"pvc-stats-icon medium\" aria-hidden=\"true\"><svg xmlns=\"http:\/\/www.w3.org\/2000\/svg\" version=\"1.0\" viewBox=\"0 0 502 315\" preserveAspectRatio=\"xMidYMid meet\"><g transform=\"translate(0,332) scale(0.1,-0.1)\" fill=\"\" stroke=\"none\"><path d=\"M2394 3279 l-29 -30 -3 -207 c-2 -182 0 -211 15 -242 39 -76 157 -76 196 0 15 31 17 60 15 243 l-3 209 -33 29 c-26 23 -41 29 -80 29 -41 0 -53 -5 -78 -31z\"\/><path d=\"M3085 3251 c-45 -19 -58 -50 -96 -229 -47 -217 -49 -260 -13 -295 52 -53 146 -42 177 20 16 31 87 366 87 410 0 70 -86 122 -155 94z\"\/><path d=\"M1751 3234 c-13 -9 -29 -31 -37 -50 -12 -29 -10 -49 21 -204 19 -94 39 -189 45 -210 14 -50 54 -80 110 -80 34 0 48 6 76 34 21 21 34 44 34 59 0 14 -18 113 -40 219 -37 178 -43 195 -70 221 -36 32 -101 37 -139 11z\"\/><path d=\"M1163 3073 c-36 -7 -73 -59 -73 -102 0 -56 133 -378 171 -413 34 -32 83 -37 129 -13 70 36 67 87 -16 290 -86 209 -89 214 -129 231 -35 14 -42 15 -82 7z\"\/><path d=\"M3689 3066 c-15 -9 -33 -30 -42 -48 -48 -103 -147 -355 -147 -375 0 -98 131 -148 192 -74 13 15 57 108 97 206 80 196 84 226 37 273 -30 30 -99 39 -137 18z\"\/><path d=\"M583 2784 c-38 -19 -67 -74 -58 -113 9 -42 211 -354 242 -373 16 -10 45 -18 66 -18 51 0 107 52 107 100 0 39 -1 41 -124 234 -80 126 -108 162 -133 173 -41 17 -61 16 -100 -3z\"\/><path d=\"M4250 2784 c-14 -9 -74 -91 -133 -183 -95 -150 -107 -173 -107 -213 0 -55 33 -94 87 -104 67 -13 90 8 211 198 130 202 137 225 78 284 -27 27 -42 34 -72 34 -22 0 -50 -8 -64 -16z\"\/><path d=\"M2275 2693 c-553 -48 -1095 -270 -1585 -649 -135 -104 -459 -423 -483 -476 -23 -49 -22 -139 2 -186 73 -142 361 -457 571 -626 285 -228 642 -407 990 -497 242 -63 336 -73 660 -74 310 0 370 5 595 52 535 111 1045 392 1455 803 122 121 250 273 275 326 19 41 19 137 0 174 -41 79 -309 363 -465 492 -447 370 -946 591 -1479 653 -113 14 -422 18 -536 8z m395 -428 c171 -34 330 -124 456 -258 112 -119 167 -219 211 -378 27 -96 24 -300 -5 -401 -72 -255 -236 -447 -474 -557 -132 -62 -201 -76 -368 -76 -167 0 -236 14 -368 76 -213 98 -373 271 -451 485 -162 444 86 934 547 1084 153 49 292 57 452 25z m909 -232 c222 -123 408 -262 593 -441 76 -74 138 -139 138 -144 0 -16 -233 -242 -330 -319 -155 -123 -309 -223 -461 -299 l-81 -41 32 46 c18 26 49 83 70 128 143 306 141 649 -6 957 -25 52 -61 116 -79 142 l-34 47 45 -20 c26 -10 76 -36 113 -56z m-2057 25 c-40 -58 -105 -190 -130 -263 -110 -324 -59 -707 132 -981 25 -35 42 -64 37 -64 -19 0 -241 119 -326 174 -188 122 -406 314 -532 468 l-58 71 108 103 c185 178 428 349 672 473 66 33 121 60 123 61 2 0 -10 -19 -26 -42z\"\/><path d=\"M2375 1950 c-198 -44 -350 -190 -395 -379 -18 -76 -8 -221 19 -290 114 -284 457 -406 731 -260 98 52 188 154 231 260 27 69 37 214 19 290 -38 163 -166 304 -326 360 -67 23 -215 33 -279 19z\"\/><\/g><\/svg><\/i> <img decoding=\"async\" width=\"16\" height=\"16\" alt=\"Loading\" src=\"https:\/\/enfermeriacanaria.com\/wptfe\/wp-content\/plugins\/page-views-count\/ajax-loader-2x.gif\" border=0 \/><\/p><div class=\"pvc_clear\"><\/div>","protected":false},"excerpt":{"rendered":"<p>El Colegio de Enfermeros de Santa Cruz de Tenerife&nbsp;como corporaci\u00f3n de derecho p\u00fablico cumple con lo estipulado en las Leyes estatal y canaria de Transparencia y acceso a la informaci\u00f3n p\u00fablica. La Junta Directiva del [&#8230;]<\/p>\n<div class=\"pvc_clear\"><\/div>\n<p id=\"pvc_stats_9720\" class=\"pvc_stats all  \" data-element-id=\"9720\" style=\"\"><i class=\"pvc-stats-icon medium\" aria-hidden=\"true\"><svg xmlns=\"http:\/\/www.w3.org\/2000\/svg\" version=\"1.0\" viewBox=\"0 0 502 315\" preserveAspectRatio=\"xMidYMid meet\"><g transform=\"translate(0,332) scale(0.1,-0.1)\" fill=\"\" stroke=\"none\"><path d=\"M2394 3279 l-29 -30 -3 -207 c-2 -182 0 -211 15 -242 39 -76 157 -76 196 0 15 31 17 60 15 243 l-3 209 -33 29 c-26 23 -41 29 -80 29 -41 0 -53 -5 -78 -31z\"\/><path d=\"M3085 3251 c-45 -19 -58 -50 -96 -229 -47 -217 -49 -260 -13 -295 52 -53 146 -42 177 20 16 31 87 366 87 410 0 70 -86 122 -155 94z\"\/><path d=\"M1751 3234 c-13 -9 -29 -31 -37 -50 -12 -29 -10 -49 21 -204 19 -94 39 -189 45 -210 14 -50 54 -80 110 -80 34 0 48 6 76 34 21 21 34 44 34 59 0 14 -18 113 -40 219 -37 178 -43 195 -70 221 -36 32 -101 37 -139 11z\"\/><path d=\"M1163 3073 c-36 -7 -73 -59 -73 -102 0 -56 133 -378 171 -413 34 -32 83 -37 129 -13 70 36 67 87 -16 290 -86 209 -89 214 -129 231 -35 14 -42 15 -82 7z\"\/><path d=\"M3689 3066 c-15 -9 -33 -30 -42 -48 -48 -103 -147 -355 -147 -375 0 -98 131 -148 192 -74 13 15 57 108 97 206 80 196 84 226 37 273 -30 30 -99 39 -137 18z\"\/><path d=\"M583 2784 c-38 -19 -67 -74 -58 -113 9 -42 211 -354 242 -373 16 -10 45 -18 66 -18 51 0 107 52 107 100 0 39 -1 41 -124 234 -80 126 -108 162 -133 173 -41 17 -61 16 -100 -3z\"\/><path d=\"M4250 2784 c-14 -9 -74 -91 -133 -183 -95 -150 -107 -173 -107 -213 0 -55 33 -94 87 -104 67 -13 90 8 211 198 130 202 137 225 78 284 -27 27 -42 34 -72 34 -22 0 -50 -8 -64 -16z\"\/><path d=\"M2275 2693 c-553 -48 -1095 -270 -1585 -649 -135 -104 -459 -423 -483 -476 -23 -49 -22 -139 2 -186 73 -142 361 -457 571 -626 285 -228 642 -407 990 -497 242 -63 336 -73 660 -74 310 0 370 5 595 52 535 111 1045 392 1455 803 122 121 250 273 275 326 19 41 19 137 0 174 -41 79 -309 363 -465 492 -447 370 -946 591 -1479 653 -113 14 -422 18 -536 8z m395 -428 c171 -34 330 -124 456 -258 112 -119 167 -219 211 -378 27 -96 24 -300 -5 -401 -72 -255 -236 -447 -474 -557 -132 -62 -201 -76 -368 -76 -167 0 -236 14 -368 76 -213 98 -373 271 -451 485 -162 444 86 934 547 1084 153 49 292 57 452 25z m909 -232 c222 -123 408 -262 593 -441 76 -74 138 -139 138 -144 0 -16 -233 -242 -330 -319 -155 -123 -309 -223 -461 -299 l-81 -41 32 46 c18 26 49 83 70 128 143 306 141 649 -6 957 -25 52 -61 116 -79 142 l-34 47 45 -20 c26 -10 76 -36 113 -56z m-2057 25 c-40 -58 -105 -190 -130 -263 -110 -324 -59 -707 132 -981 25 -35 42 -64 37 -64 -19 0 -241 119 -326 174 -188 122 -406 314 -532 468 l-58 71 108 103 c185 178 428 349 672 473 66 33 121 60 123 61 2 0 -10 -19 -26 -42z\"\/><path d=\"M2375 1950 c-198 -44 -350 -190 -395 -379 -18 -76 -8 -221 19 -290 114 -284 457 -406 731 -260 98 52 188 154 231 260 27 69 37 214 19 290 -38 163 -166 304 -326 360 -67 23 -215 33 -279 19z\"\/><\/g><\/svg><\/i> <img decoding=\"async\" width=\"16\" height=\"16\" alt=\"Loading\" src=\"https:\/\/enfermeriacanaria.com\/wptfe\/wp-content\/plugins\/page-views-count\/ajax-loader-2x.gif\" border=0 \/><\/p>\n<div class=\"pvc_clear\"><\/div>\n","protected":false},"author":4,"featured_media":0,"parent":9706,"menu_order":0,"comment_status":"closed","ping_status":"closed","template":"","meta":{"footnotes":""},"class_list":["post-9720","page","type-page","status-publish","hentry"],"a3_pvc":{"activated":true,"total_views":109,"today_views":1},"jetpack_sharing_enabled":true,"jetpack_shortlink":"https:\/\/wp.me\/P57dxf-2wM","jetpack_likes_enabled":true,"_links":{"self":[{"href":"https:\/\/enfermeriacanaria.com\/wptfe\/wp-json\/wp\/v2\/pages\/9720","targetHints":{"allow":["GET"]}}],"collection":[{"href":"https:\/\/enfermeriacanaria.com\/wptfe\/wp-json\/wp\/v2\/pages"}],"about":[{"href":"https:\/\/enfermeriacanaria.com\/wptfe\/wp-json\/wp\/v2\/types\/page"}],"author":[{"embeddable":true,"href":"https:\/\/enfermeriacanaria.com\/wptfe\/wp-json\/wp\/v2\/users\/4"}],"replies":[{"embeddable":true,"href":"https:\/\/enfermeriacanaria.com\/wptfe\/wp-json\/wp\/v2\/comments?post=9720"}],"version-history":[{"count":4,"href":"https:\/\/enfermeriacanaria.com\/wptfe\/wp-json\/wp\/v2\/pages\/9720\/revisions"}],"predecessor-version":[{"id":15008,"href":"https:\/\/enfermeriacanaria.com\/wptfe\/wp-json\/wp\/v2\/pages\/9720\/revisions\/15008"}],"up":[{"embeddable":true,"href":"https:\/\/enfermeriacanaria.com\/wptfe\/wp-json\/wp\/v2\/pages\/9706"}],"wp:attachment":[{"href":"https:\/\/enfermeriacanaria.com\/wptfe\/wp-json\/wp\/v2\/media?parent=9720"}],"curies":[{"name":"wp","href":"https:\/\/api.w.org\/{rel}","templated":true}]}}