{"id":3292,"date":"2012-03-15T12:55:52","date_gmt":"2012-03-15T12:55:52","guid":{"rendered":"https:\/\/enfermeriacanaria.com\/wptfe\/?page_id=3292"},"modified":"2025-11-20T14:33:13","modified_gmt":"2025-11-20T14:33:13","slug":"impresos-y-tramites","status":"publish","type":"page","link":"https:\/\/enfermeriacanaria.com\/wptfe\/portal-de-transparencia\/informacion\/impresos-y-tramites\/","title":{"rendered":"Impresos y Tr\u00e1mites"},"content":{"rendered":"\n<p class=\"has-text-color has-background has-large-font-size\" style=\"color:#f9f9f9;background-color:#2a6781\">Tr\u00e1mites Colegiales<\/p>\n\n\n\n<ul class=\"wp-block-list\">\n<li><a href=\"#alta\">Alta Colegial<\/a><\/li>\n\n\n\n<li><a href=\"#baja\">Baja o Traslado Colegial<\/a><\/li>\n\n\n\n<li><a href=\"#toc\">Traslado desde otra provincia<\/a><\/li>\n\n\n\n<li><a href=\"#cne\">Activaci\u00f3n Como No ejerciente<\/a><\/li>\n\n\n\n<li><a href=\"#ce\">Activaci\u00f3n como Ejerciente<\/a><\/li>\n<\/ul>\n\n\n\n<hr class=\"wp-block-separator has-css-opacity\"\/>\n\n\n\n<ul class=\"wp-block-list\">\n<li><a href=\"#cbc\">Solicitud de Certificado de Buena Conducta (para Trabajar en el extranjero)<\/a><\/li>\n\n\n\n<li><a href=\"https:\/\/form.jotform.com\/241362436562354\" target=\"_blank\" rel=\"noreferrer noopener\"> Actualizaci\u00f3n de datos<\/a><\/li>\n\n\n\n<li><a href=\"https:\/\/form.jotform.com\/230892959721064\" target=\"_blank\" rel=\"noreferrer noopener\">Actualizaci\u00f3n especialidad <\/a><\/li>\n\n\n\n<li><a href=\"https:\/\/enfermeriacanaria.com\/wptfe\/?p=14332\" target=\"_blank\" rel=\"noreferrer noopener\">Actualizaci\u00f3n de Doctoras\/es<\/a><\/li>\n<\/ul>\n\n\n\n<p class=\"has-text-color has-background has-large-font-size\" style=\"color:#ffffff;background-color:#2a6781\">Otros Tr\u00e1mites<\/p>\n\n\n\n<ul class=\"wp-block-list\">\n<li><a href=\"#prc\">Informaci\u00f3n P\u00f3liza de Responsabilidad Civil y Comunicaci\u00f3n de Siniestros<\/a><\/li>\n\n\n\n<li><a href=\"#sub\">Informaci\u00f3n Solicitud de Subvenci\u00f3n formaci\u00f3n Continuada<\/a><\/li>\n\n\n\n<li><a aria-label=\"Solicitud de Mu\u00f1eco RCP \/Material Formaci\u00f3n (abre en una nueva pesta\u00f1a)\" href=\"https:\/\/form.jotform.com\/233113594429053\" target=\"_blank\" rel=\"noreferrer noopener\">Solicitud de Mu\u00f1eco RCP \/Material Formaci\u00f3n<\/a><\/li>\n\n\n\n<li><a href=\"#odi\">Otros documentos de Inter\u00e9s<\/a><\/li>\n<\/ul>\n\n\n\n<hr class=\"wp-block-separator has-css-opacity\"\/>\n\n\n\n<h3 class=\"wp-block-heading\" id=\"alta\"><strong><a href=\"#alta\">Alta Colegial<\/a><\/strong><\/h3>\n\n\n\n<p>Para el ejercicio profesional, es obligatorio por ley estar colegiado en el lugar de residencia o de ejercicio habitual.<br \/><\/p>\n\n\n\n<div class=\"wp-block-button aligncenter\"><a class=\"wp-block-button__link has-background wp-element-button\" href=\"https:\/\/form.jotform.com\/233121870009043\" style=\"background-color:#5e7884\">Formulario de Solicitud de Alta Colegial<\/a><\/div>\n\n\n\n<p><strong>La documentaci\u00f3n que debe aportar es la siguiente:<\/strong><\/p>\n\n\n\n<ul class=\"wp-block-list\">\n<li><strong>Colegiaciones de Nuevo Ingreso<\/strong>\n<ul class=\"wp-block-list\">\n<li>Copia del DNI (ambas caras)<\/li>\n\n\n\n<li>Cartas de pago de tasas del t\u00edtulo y certificado de notas y justificante de abono (comprobante de ingreso)<\/li>\n\n\n\n<li>Certificado de Notas firmado digitalmente (este documento puede tardar un tiempo en estar disponible, una vez emitido por la universidad debe remitirse por correo electr\u00f3nico para finalizar la colegiaci\u00f3n y recibir el carn\u00e9 de colegiado)<\/li>\n\n\n\n<li>Foto de carn\u00e9<\/li>\n\n\n\n<li>La documentaci\u00f3n debe subirse a trav\u00e9s del formulario si tiene alg\u00fan problema rem\u00edtala al correo <a aria-label=\"expedientes@coetfe.com (abre en una nueva pesta\u00f1a)\" href=\"mailto:expedientes@coetfe.com\" target=\"_blank\" rel=\"noreferrer noopener\">expedientes@coetfe.com<\/a><\/li>\n\n\n\n<li><\/li>\n<\/ul>\n<\/li>\n\n\n\n<li><strong>Colegiaci\u00f3n por traslado<\/strong>\n<ul class=\"wp-block-list\">\n<li>Copia del DNI (ambas caras)<\/li>\n\n\n\n<li>Foto de carn\u00e9<\/li>\n\n\n\n<li>La documentaci\u00f3n debe subirse a trav\u00e9s del formulario si tiene alg\u00fan problema rem\u00edtala al correo <a aria-label=\"expedientes@coetfe.com (abre en una nueva pesta\u00f1a)\" href=\"mailto:expedientes@coetfe.com\" target=\"_blank\" rel=\"noreferrer noopener\">expedientes@coetfe.com<\/a> <\/li>\n<\/ul>\n<\/li>\n<\/ul>\n\n\n\n<ul class=\"wp-block-list\">\n<li><strong>Colegiaci\u00f3n Enfermeras\/os con titulaci\u00f3n extranjera<\/strong>\n<ul class=\"wp-block-list\">\n<li>Original del T\u00edtulo Profesional y traducci\u00f3n oficial al castellano en caso de ser necesaria \u00e9sta.<\/li>\n\n\n\n<li>Original del Certificado de Notas y traducci\u00f3n oficial al castellano en caso de ser necesaria \u00e9sta.<\/li>\n\n\n\n<li>Original de la Homologaci\u00f3n del T\u00edtulo<\/li>\n\n\n\n<li>Certificado del N.I.E<\/li>\n\n\n\n<li>Tarjeta de residente o pasaporte<\/li>\n\n\n\n<li>Foto Tama\u00f1o Carnet<\/li>\n\n\n\n<li>La documentaci\u00f3n debe subirse a trav\u00e9s del formulario si tiene alg\u00fan problema rem\u00edtala al correo <a href=\"mailto:expedientes@coetfe.com\" target=\"_blank\" rel=\"noreferrer noopener\">expedientes@coetfe.com<\/a> <\/li>\n<\/ul>\n<\/li>\n<\/ul>\n\n\n\n<h3 class=\"wp-block-heading\" id=\"toc\"><strong>TRASLADOS DE OTRA PROVINCIA A ESTE COLEGIO:<\/strong><\/h3>\n\n\n\n<div class=\"wp-block-button aligncenter\"><a class=\"wp-block-button__link has-background wp-element-button\" href=\"https:\/\/form.jotform.com\/241482026087354\" style=\"background-color:#5e7884\">Solicitud de traslado desde otra provincia<\/a><\/div>\n\n\n\n<h3 class=\"wp-block-heading\" id=\"baja\"><strong>BAJA O TRASLADO A OTRA PROVINCIA.<\/strong><\/h3>\n\n\n\n<div class=\"wp-block-button aligncenter\"><a class=\"wp-block-button__link has-background wp-element-button\" href=\"https:\/\/form.jotform.com\/233114208594049\" style=\"background-color:#5e7884\">Solicitud de Baja o Traslado<\/a><\/div>\n\n\n\n<p>(<strong>Importante:<\/strong> Para tramitar la baja o el traslado de expediente, el colegiado debe estar al corriente de las cuotas colegiales, en caso de no ser as\u00ed no se tramitar\u00e1 la baja o el traslado hasta que regularice su situaci\u00f3n, o aporte documento que acredite que se encuentra al corriente de las cuotas colegiales).<\/p>\n\n\n\n<p><strong>Baja por traslado: <\/strong>El colegiado deber\u00e1 ponerse inmediatamente en contacto con el Colegio al que quiere trasladarse para aportar la documentaci\u00f3n que se le solicite.<\/p>\n\n\n\n<p><strong>Bajas por Jubilaci\u00f3n: <\/strong>El colegiado deber\u00e1 rellenar el impreso y aportar alg\u00fan documento acreditativo de la SITUACI\u00d3N DE jubilaci\u00f3n.<\/p>\n\n\n\n<p><strong>Baja por No Ejercer:<\/strong> El colegiado que solicite una baja por no ejercer y no se colegie antes de que pasen 6 meses, deber\u00e1 pagar la cuota de ingreso cuando vuelva a solicitar el alta colegial.<\/p>\n\n\n\n<h3 class=\"wp-block-heading\" id=\"cne\"><strong>Activaci\u00f3n como NO EJERCIENTE:<\/strong><\/h3>\n\n\n\n<div class=\"wp-block-button aligncenter\"><a class=\"wp-block-button__link has-background wp-element-button\" href=\"https:\/\/form.jotform.com\/241483194850359\" style=\"background-color:#5e7884\">Solicitud de Activaci\u00f3n como NO EJERCIENTE<\/a><\/div>\n\n\n\n<p>Recordamos que para activarse como NO EJERCIENTE es necesario aportar <a rel=\"noreferrer noopener\" aria-label=\"D.A.R.D.E (abre en una nueva pesta\u00f1a)\" href=\"https:\/\/www.gobiernodecanarias.org\/empleo\/sce\/principal\/areas_tematicas\/empleo\/inscripcion_renovacion.html\" target=\"_blank\">D.A.R.D.E<\/a> o <a rel=\"noreferrer noopener\" aria-label=\"vida laboral (abre en una nueva pesta\u00f1a)\" href=\"https:\/\/portal.seg-social.gob.es\/wps\/portal\/importass\/importass\/Categorias\/Vida+laboral+e+informes\/Informes+sobre+tu+situacion+laboral\/Informe+de+tu+vida+laboral\" target=\"_blank\">vida laboral<\/a> o documento que acredite que no se est\u00e1 ejerciendo la profesi\u00f3n de Enfermera\/o. Recordamos que como No ejerciente no se dispone de cobertura del seguro de responsabilidad civil.<\/p>\n\n\n\n<p>Ante cualquier duda ponerse en contacto inmediatamente con el Colegio en el 922 240 389<\/p>\n\n\n\n<p><strong>Nota Informativa Relativa a las solicitudes de Colegiaci\u00f3n No Ejerciente<\/strong><\/p>\n\n\n\n<p>Por acuerdo de Asamblea y por motivo del incremento de variaciones de cambio de estado, de colegiados no ejerciente a ejerciente y viceversa, se informa a los Colegiados:<\/p>\n\n\n\n<p>Que el Colegiado debe estar como <strong>Colegiado Ejerciente de forma obligatoria<\/strong>, para poder ejercer su actividad profesional. No obstante la solicitud de Colegiado Ejerciente pueden realizarse con anterioridad si as\u00ed se desea.<\/p>\n\n\n\n<p>Que las colegiaciones No Ejercientes podr\u00e1n ser solicitadas en cualquier momento, <strong>pero no se har\u00e1n efectivas<\/strong> hasta finalizar el trimestre en que se curse dicha solicitud.<\/p>\n\n\n\n<h3 class=\"wp-block-heading\" id=\"ce\"><strong>Activaci\u00f3n como EJERCIENTE<\/strong><\/h3>\n\n\n\n<div class=\"wp-block-button aligncenter\"><a class=\"wp-block-button__link has-background wp-element-button\" href=\"https:\/\/form.jotform.com\/241362332394352\" style=\"background-color:#5e7884\">Solicitud de Activaci\u00f3n Ejerciente&nbsp;<\/a><\/div>\n\n\n\n<h3 class=\"wp-block-heading\" id=\"cbc\"><strong><a href=\"#cbc\">&nbsp;SOLICITAR CERTIFICADO DE BUENA CONDUCTA (PARA&nbsp; &nbsp;TRABAJAR EN EL EXTRANJERO)<\/a><\/strong><\/h3>\n\n\n\n<ul class=\"wp-block-list\">\n<li><a href=\"https:\/\/enfermeriacanaria.com\/wptfe\/wp-content\/uploads\/Solicitud-certificado-de-buena-conducta-1.pdf\" target=\"_blank\" rel=\"noreferrer noopener\">Informaci\u00f3n<\/a><\/li>\n<\/ul>\n\n\n\n<div class=\"wp-block-button aligncenter\"><a class=\"wp-block-button__link has-background wp-element-button\" href=\"https:\/\/www.consejogeneralenfermeria.org\/profesion\/formulario-certificado-buena-conducta\" style=\"background-color:#5e7884\">Solicitud certificado de Buena Conducta<\/a><\/div>\n\n\n\n<h3 class=\"wp-block-heading\" id=\"sub\"><strong>&nbsp;SOLICITAR SUBVENCI\u00d3N.<\/strong><\/h3>\n\n\n\n<div class=\"wp-block-button aligncenter\"><a class=\"wp-block-button__link has-background wp-element-button\" href=\"https:\/\/form.jotform.com\/241483692174058\" style=\"background-color:#5e7884\">Solicitud de Subvenci\u00f3n<\/a><\/div>\n\n\n\n<ul class=\"wp-block-list\">\n<li style=\"font-size:21px\"><strong><a href=\"https:\/\/enfermeriacanaria.com\/wptfe\/?p=14328\" target=\"_blank\" rel=\"noreferrer noopener\">Protocolo destinado a la concesi\u00f3n de ayudas por parte del Colegio Oficial de Enfermeros de Santa Cruz de Tenerife para la promoci\u00f3n del Asociacionismo profesional, Investigaci\u00f3n enfermera, Formaci\u00f3n y otras actividades de inter\u00e9s para la profesi\u00f3n. Edici\u00f3n 2025<\/a><\/strong><\/li>\n<\/ul>\n\n\n\n<p><strong>Documentos de Inter\u00e9s para Colegiados<\/strong><\/p>\n\n\n\n<ul class=\"wp-block-list\">\n<li><a href=\"https:\/\/enfermeriacanaria.com\/wptfe\/wp-content\/uploads\/DOCUMENTACI\u00d3N-NECESARIA-PARA-COLEGIARSE.pdf\">Resumen Documentaci\u00f3n que necesitas para colegiarte<\/a><\/li>\n\n\n\n<li><a href=\"https:\/\/enfermeriacanaria.com\/wptfe\/wp-content\/uploads\/servicios-colegiales1.pdf\">Relaci\u00f3n de servicios colegiales<\/a><\/li>\n<\/ul>\n\n\n\n<h3 class=\"wp-block-heading\" id=\"prc\"><strong>Informaci\u00f3n P\u00f3liza de Responsabilidad Civil<\/strong><\/h3>\n\n\n\n<ul class=\"wp-block-list\">\n<li><a href=\"https:\/\/enfermeriacanaria.com\/wptfe\/wp-content\/uploads\/Protocolo-Stros-Colegio-de-Enfermeria-de-Tenerife-2021.pdf\">NORMAS DE PROCEDIMIENTO&nbsp; A SEGUIR ANTE RECLAMACIONES JUDICIALES O EXTRAJUDICIALES CUBIERTAS POR EL SEGURO DE RESPONSABILIDAD CIVIL PROFESIONAL<\/a><\/li>\n<\/ul>\n\n\n\n<h5 class=\"wp-block-heading\"><strong>IMPORTANTE SOBRE LA COMUNICACI\u00d3N DE SINIESTROS: <\/strong><\/h5>\n\n\n\n<ul class=\"wp-block-list\">\n<li>Es necesario que rellene la totalidad de apartados que el mismo contiene excepto los que se encuentran sombreados y nos lo devuelva firmado.<\/li>\n\n\n\n<li>Respecto al relato de hechos le rogamos lo realice de forma detallada y conforme a la historia cl\u00ednica existente.<\/li>\n\n\n\n<li>Ser\u00eda&nbsp; importante nos adjuntara&nbsp; cualquier comentario de los apartados de la&nbsp;reclamaci\u00f3n&nbsp;&nbsp; que considere oportunos o de especial relevancia para&nbsp;&nbsp;un mejor&nbsp;&nbsp;estudio&nbsp; del caso&nbsp;, as\u00ed como la historia cl\u00ednica completa (pruebas de &nbsp;diagn\u00f3stico, fotograf\u00edas,&nbsp;<strong>consentimiento informado,&nbsp;etc)<\/strong><\/li>\n\n\n\n<li><a href=\"https:\/\/enfermeriacanaria.com\/wptfe\/wp-content\/uploads\/Parte-de-Siniestro-Enfermer\u00eda.docx\">Formulario de Comunicaci\u00f3n de Siniestros Seguro de Responsabilidad Civil<\/a><\/li>\n\n\n\n<li><a href=\"https:\/\/enfermeriacanaria.com\/wptfe\/wp-content\/uploads\/Informacion-Condiciones-Poliza-de-Responsabilidad-Civil.pdf\" target=\"_blank\" rel=\"noreferrer noopener\">Informaci\u00f3n Condiciones de la P\u00f3liza de Responsabilidad Civil<\/a><\/li>\n\n\n\n<li><a href=\"https:\/\/enfermeriacanaria.com\/wptfe\/wp-content\/uploads\/Servicio-de-Atencion-Telefonica-por-Agresion-a-Enfermeras.pdf\" target=\"_blank\" rel=\"noreferrer noopener\">Informaci\u00f3n Servicio de Atenci\u00f3n Telef\u00f3nica por Agresiones a Enfermeras\/os<\/a><\/li>\n<\/ul>\n\n\n\n<hr class=\"wp-block-separator has-css-opacity\"\/>\n\n\n\n<h3 class=\"wp-block-heading\" id=\"odi\">Otros Documentos de Inter\u00e9s.<\/h3>\n\n\n\n<ul class=\"wp-block-list\">\n<li><a href=\"https:\/\/enfermeriacanaria.com\/wptfe\/wp-content\/uploads\/DOCUMENTACI%C3%93N-NECESARIA-PARA-COLEGIARSE.pdf\">Resumen Documentaci\u00f3n que necesitas para colegiarte<\/a><br \/><a href=\"https:\/\/enfermeriacanaria.com\/wptfe\/wp-content\/uploads\/servicios-colegiales1.pdf\">Relaci\u00f3n de servicios colegiales<\/a> <\/li>\n\n\n\n<li><a href=\"https:\/\/enfermeriacanaria.com\/wptfe\/wp-content\/uploads\/solicitud-mun_rcp-1.pdf\">Solicitud de mu\u00f1eco de RCP<\/a><\/li>\n\n\n\n<li><a href=\"https:\/\/enfermeriacanaria.com\/wptfe\/wp-content\/uploads\/solicitud-subvencion1.pdf\">Solicitud de subvenci\u00f3n por congresos, formaci\u00f3n o actividades relacionadas<\/a><\/li>\n\n\n\n<li><a href=\"https:\/\/enfermeriacanaria.com\/wptfe\/wp-content\/uploads\/HOJA-DE-RECLAMACIONES.doc\">Hoja de Reclamaciones de Usuarios a Profesionales<\/a><\/li>\n<\/ul>\n<div class=\"pvc_clear\"><\/div><p id=\"pvc_stats_3292\" class=\"pvc_stats all  \" data-element-id=\"3292\" style=\"\"><i class=\"pvc-stats-icon medium\" aria-hidden=\"true\"><svg xmlns=\"http:\/\/www.w3.org\/2000\/svg\" version=\"1.0\" viewBox=\"0 0 502 315\" preserveAspectRatio=\"xMidYMid meet\"><g transform=\"translate(0,332) scale(0.1,-0.1)\" fill=\"\" stroke=\"none\"><path d=\"M2394 3279 l-29 -30 -3 -207 c-2 -182 0 -211 15 -242 39 -76 157 -76 196 0 15 31 17 60 15 243 l-3 209 -33 29 c-26 23 -41 29 -80 29 -41 0 -53 -5 -78 -31z\"\/><path d=\"M3085 3251 c-45 -19 -58 -50 -96 -229 -47 -217 -49 -260 -13 -295 52 -53 146 -42 177 20 16 31 87 366 87 410 0 70 -86 122 -155 94z\"\/><path d=\"M1751 3234 c-13 -9 -29 -31 -37 -50 -12 -29 -10 -49 21 -204 19 -94 39 -189 45 -210 14 -50 54 -80 110 -80 34 0 48 6 76 34 21 21 34 44 34 59 0 14 -18 113 -40 219 -37 178 -43 195 -70 221 -36 32 -101 37 -139 11z\"\/><path d=\"M1163 3073 c-36 -7 -73 -59 -73 -102 0 -56 133 -378 171 -413 34 -32 83 -37 129 -13 70 36 67 87 -16 290 -86 209 -89 214 -129 231 -35 14 -42 15 -82 7z\"\/><path d=\"M3689 3066 c-15 -9 -33 -30 -42 -48 -48 -103 -147 -355 -147 -375 0 -98 131 -148 192 -74 13 15 57 108 97 206 80 196 84 226 37 273 -30 30 -99 39 -137 18z\"\/><path d=\"M583 2784 c-38 -19 -67 -74 -58 -113 9 -42 211 -354 242 -373 16 -10 45 -18 66 -18 51 0 107 52 107 100 0 39 -1 41 -124 234 -80 126 -108 162 -133 173 -41 17 -61 16 -100 -3z\"\/><path d=\"M4250 2784 c-14 -9 -74 -91 -133 -183 -95 -150 -107 -173 -107 -213 0 -55 33 -94 87 -104 67 -13 90 8 211 198 130 202 137 225 78 284 -27 27 -42 34 -72 34 -22 0 -50 -8 -64 -16z\"\/><path d=\"M2275 2693 c-553 -48 -1095 -270 -1585 -649 -135 -104 -459 -423 -483 -476 -23 -49 -22 -139 2 -186 73 -142 361 -457 571 -626 285 -228 642 -407 990 -497 242 -63 336 -73 660 -74 310 0 370 5 595 52 535 111 1045 392 1455 803 122 121 250 273 275 326 19 41 19 137 0 174 -41 79 -309 363 -465 492 -447 370 -946 591 -1479 653 -113 14 -422 18 -536 8z m395 -428 c171 -34 330 -124 456 -258 112 -119 167 -219 211 -378 27 -96 24 -300 -5 -401 -72 -255 -236 -447 -474 -557 -132 -62 -201 -76 -368 -76 -167 0 -236 14 -368 76 -213 98 -373 271 -451 485 -162 444 86 934 547 1084 153 49 292 57 452 25z m909 -232 c222 -123 408 -262 593 -441 76 -74 138 -139 138 -144 0 -16 -233 -242 -330 -319 -155 -123 -309 -223 -461 -299 l-81 -41 32 46 c18 26 49 83 70 128 143 306 141 649 -6 957 -25 52 -61 116 -79 142 l-34 47 45 -20 c26 -10 76 -36 113 -56z m-2057 25 c-40 -58 -105 -190 -130 -263 -110 -324 -59 -707 132 -981 25 -35 42 -64 37 -64 -19 0 -241 119 -326 174 -188 122 -406 314 -532 468 l-58 71 108 103 c185 178 428 349 672 473 66 33 121 60 123 61 2 0 -10 -19 -26 -42z\"\/><path d=\"M2375 1950 c-198 -44 -350 -190 -395 -379 -18 -76 -8 -221 19 -290 114 -284 457 -406 731 -260 98 52 188 154 231 260 27 69 37 214 19 290 -38 163 -166 304 -326 360 -67 23 -215 33 -279 19z\"\/><\/g><\/svg><\/i> <img decoding=\"async\" width=\"16\" height=\"16\" alt=\"Loading\" src=\"https:\/\/enfermeriacanaria.com\/wptfe\/wp-content\/plugins\/page-views-count\/ajax-loader-2x.gif\" border=0 \/><\/p><div class=\"pvc_clear\"><\/div>","protected":false},"excerpt":{"rendered":"<p>Tr\u00e1mites Colegiales Otros Tr\u00e1mites Alta Colegial Para el ejercicio profesional, es obligatorio por ley estar colegiado en el lugar de residencia o de ejercicio habitual. La documentaci\u00f3n que debe aportar es la siguiente: TRASLADOS DE [&#8230;]<\/p>\n<div class=\"pvc_clear\"><\/div>\n<p id=\"pvc_stats_3292\" class=\"pvc_stats all  \" data-element-id=\"3292\" style=\"\"><i class=\"pvc-stats-icon medium\" aria-hidden=\"true\"><svg xmlns=\"http:\/\/www.w3.org\/2000\/svg\" version=\"1.0\" viewBox=\"0 0 502 315\" preserveAspectRatio=\"xMidYMid meet\"><g transform=\"translate(0,332) scale(0.1,-0.1)\" fill=\"\" stroke=\"none\"><path d=\"M2394 3279 l-29 -30 -3 -207 c-2 -182 0 -211 15 -242 39 -76 157 -76 196 0 15 31 17 60 15 243 l-3 209 -33 29 c-26 23 -41 29 -80 29 -41 0 -53 -5 -78 -31z\"\/><path d=\"M3085 3251 c-45 -19 -58 -50 -96 -229 -47 -217 -49 -260 -13 -295 52 -53 146 -42 177 20 16 31 87 366 87 410 0 70 -86 122 -155 94z\"\/><path d=\"M1751 3234 c-13 -9 -29 -31 -37 -50 -12 -29 -10 -49 21 -204 19 -94 39 -189 45 -210 14 -50 54 -80 110 -80 34 0 48 6 76 34 21 21 34 44 34 59 0 14 -18 113 -40 219 -37 178 -43 195 -70 221 -36 32 -101 37 -139 11z\"\/><path d=\"M1163 3073 c-36 -7 -73 -59 -73 -102 0 -56 133 -378 171 -413 34 -32 83 -37 129 -13 70 36 67 87 -16 290 -86 209 -89 214 -129 231 -35 14 -42 15 -82 7z\"\/><path d=\"M3689 3066 c-15 -9 -33 -30 -42 -48 -48 -103 -147 -355 -147 -375 0 -98 131 -148 192 -74 13 15 57 108 97 206 80 196 84 226 37 273 -30 30 -99 39 -137 18z\"\/><path d=\"M583 2784 c-38 -19 -67 -74 -58 -113 9 -42 211 -354 242 -373 16 -10 45 -18 66 -18 51 0 107 52 107 100 0 39 -1 41 -124 234 -80 126 -108 162 -133 173 -41 17 -61 16 -100 -3z\"\/><path d=\"M4250 2784 c-14 -9 -74 -91 -133 -183 -95 -150 -107 -173 -107 -213 0 -55 33 -94 87 -104 67 -13 90 8 211 198 130 202 137 225 78 284 -27 27 -42 34 -72 34 -22 0 -50 -8 -64 -16z\"\/><path d=\"M2275 2693 c-553 -48 -1095 -270 -1585 -649 -135 -104 -459 -423 -483 -476 -23 -49 -22 -139 2 -186 73 -142 361 -457 571 -626 285 -228 642 -407 990 -497 242 -63 336 -73 660 -74 310 0 370 5 595 52 535 111 1045 392 1455 803 122 121 250 273 275 326 19 41 19 137 0 174 -41 79 -309 363 -465 492 -447 370 -946 591 -1479 653 -113 14 -422 18 -536 8z m395 -428 c171 -34 330 -124 456 -258 112 -119 167 -219 211 -378 27 -96 24 -300 -5 -401 -72 -255 -236 -447 -474 -557 -132 -62 -201 -76 -368 -76 -167 0 -236 14 -368 76 -213 98 -373 271 -451 485 -162 444 86 934 547 1084 153 49 292 57 452 25z m909 -232 c222 -123 408 -262 593 -441 76 -74 138 -139 138 -144 0 -16 -233 -242 -330 -319 -155 -123 -309 -223 -461 -299 l-81 -41 32 46 c18 26 49 83 70 128 143 306 141 649 -6 957 -25 52 -61 116 -79 142 l-34 47 45 -20 c26 -10 76 -36 113 -56z m-2057 25 c-40 -58 -105 -190 -130 -263 -110 -324 -59 -707 132 -981 25 -35 42 -64 37 -64 -19 0 -241 119 -326 174 -188 122 -406 314 -532 468 l-58 71 108 103 c185 178 428 349 672 473 66 33 121 60 123 61 2 0 -10 -19 -26 -42z\"\/><path d=\"M2375 1950 c-198 -44 -350 -190 -395 -379 -18 -76 -8 -221 19 -290 114 -284 457 -406 731 -260 98 52 188 154 231 260 27 69 37 214 19 290 -38 163 -166 304 -326 360 -67 23 -215 33 -279 19z\"\/><\/g><\/svg><\/i> <img decoding=\"async\" width=\"16\" height=\"16\" alt=\"Loading\" src=\"https:\/\/enfermeriacanaria.com\/wptfe\/wp-content\/plugins\/page-views-count\/ajax-loader-2x.gif\" border=0 \/><\/p>\n<div class=\"pvc_clear\"><\/div>\n","protected":false},"author":4,"featured_media":0,"parent":2,"menu_order":0,"comment_status":"closed","ping_status":"open","template":"","meta":{"footnotes":""},"class_list":["post-3292","page","type-page","status-publish","hentry"],"a3_pvc":{"activated":true,"total_views":5888,"today_views":25},"jetpack_sharing_enabled":true,"jetpack_shortlink":"https:\/\/wp.me\/P57dxf-R6","jetpack_likes_enabled":true,"_links":{"self":[{"href":"https:\/\/enfermeriacanaria.com\/wptfe\/wp-json\/wp\/v2\/pages\/3292","targetHints":{"allow":["GET"]}}],"collection":[{"href":"https:\/\/enfermeriacanaria.com\/wptfe\/wp-json\/wp\/v2\/pages"}],"about":[{"href":"https:\/\/enfermeriacanaria.com\/wptfe\/wp-json\/wp\/v2\/types\/page"}],"author":[{"embeddable":true,"href":"https:\/\/enfermeriacanaria.com\/wptfe\/wp-json\/wp\/v2\/users\/4"}],"replies":[{"embeddable":true,"href":"https:\/\/enfermeriacanaria.com\/wptfe\/wp-json\/wp\/v2\/comments?post=3292"}],"version-history":[{"count":102,"href":"https:\/\/enfermeriacanaria.com\/wptfe\/wp-json\/wp\/v2\/pages\/3292\/revisions"}],"predecessor-version":[{"id":15312,"href":"https:\/\/enfermeriacanaria.com\/wptfe\/wp-json\/wp\/v2\/pages\/3292\/revisions\/15312"}],"up":[{"embeddable":true,"href":"https:\/\/enfermeriacanaria.com\/wptfe\/wp-json\/wp\/v2\/pages\/2"}],"wp:attachment":[{"href":"https:\/\/enfermeriacanaria.com\/wptfe\/wp-json\/wp\/v2\/media?parent=3292"}],"curies":[{"name":"wp","href":"https:\/\/api.w.org\/{rel}","templated":true}]}}