{"id":13523,"date":"2024-06-11T09:46:14","date_gmt":"2024-06-11T09:46:14","guid":{"rendered":"https:\/\/enfermeriacanaria.com\/wptfe\/?page_id=13523"},"modified":"2025-09-09T06:12:34","modified_gmt":"2025-09-09T06:12:34","slug":"comision-deontologica","status":"publish","type":"page","link":"https:\/\/enfermeriacanaria.com\/wptfe\/portal-de-transparencia\/comision-deontologica\/","title":{"rendered":"Comisi\u00f3n Deontol\u00f3gica"},"content":{"rendered":"<p>Esta comisi\u00f3n, conformada por expertos en el campo del cuidado, se encargar\u00e1 de velar por el cumplimiento de los m\u00e1s altos est\u00e1ndares de conducta y \u00e9tica en la pr\u00e1ctica enfermera. Profesionales con amplia experiencia profesional en el \u00e1mbito asistencial, docente, investigador y gestor con formaci\u00f3n en bio\u00e9tica y legislaci\u00f3n sanitaria.<\/p>\n<p>Los miembros que conforman la Comisi\u00f3n Deontol\u00f3gica del Colegio Oficial de Enfermeros de Santa Cruz de Tenerife son: D\u00aa. Cristina Rodr\u00edguez de Miguel, D. Francisco Javier Castro Molina, D. Maximiliano Valverde Jerez y D. Ram\u00f3n Cabrera Padilla. Esta Comisi\u00f3n Deontol\u00f3gica asumir\u00e1 la responsabilidad de promover la integridad y la excelencia en el ejercicio de la enfermer\u00eda. La creaci\u00f3n de esta Comisi\u00f3n Deontol\u00f3gica demuestra el firme compromiso de la Organizaci\u00f3n Colegial con los m\u00e1s altos est\u00e1ndares \u00e9ticos y profesionales en la atenci\u00f3n de la salud para garantizar la calidad asistencial y seguridad del paciente.<\/p>\n<p style=\"text-align: justify;\"><span style=\"color: #000000;\">\u00a0<\/span><\/p>\n\n\n<figure class=\"wp-block-image aligncenter is-resized\"><a href=\"https:\/\/enfermeriacanaria.com\/wptfe\/wp-content\/uploads\/007_2024_Reglamento-Comisi\u00f3n-Deontol\u00f3gica-SC-Tfe.pdf\" target=\"_blank\" rel=\"noreferrer noopener\"><img fetchpriority=\"high\" decoding=\"async\" width=\"604\" height=\"856\" src=\"https:\/\/enfermeriacanaria.com\/wptfe\/wp-content\/uploads\/reglamentocomdeon.jpg\" alt=\"\" class=\"wp-image-13600\" style=\"width:276px;height:auto\" srcset=\"https:\/\/enfermeriacanaria.com\/wptfe\/wp-content\/uploads\/reglamentocomdeon.jpg 604w, https:\/\/enfermeriacanaria.com\/wptfe\/wp-content\/uploads\/reglamentocomdeon-212x300.jpg 212w\" sizes=\"(max-width: 604px) 100vw, 604px\" \/><\/a><figcaption class=\"wp-element-caption\"><a href=\"https:\/\/enfermeriacanaria.com\/wptfe\/wp-content\/uploads\/007_2024_Reglamento-Comisi\u00f3n-Deontol\u00f3gica-SC-Tfe.pdf\" target=\"_blank\" rel=\"noreferrer noopener\" aria-label=\"Acceder al reglamento (abre en una nueva pesta\u00f1a)\">Acceder al reglamento<\/a><\/figcaption><\/figure>\n\n\n\n<div class=\"wp-block-columns has-2-columns is-layout-flex wp-container-core-columns-is-layout-9d6595d7 wp-block-columns-is-layout-flex\">\n<div class=\"wp-block-column is-layout-flow wp-block-column-is-layout-flow\">\n<figure class=\"wp-block-image aligncenter is-resized\"><img decoding=\"async\" width=\"628\" height=\"1024\" src=\"https:\/\/enfermeriacanaria.com\/wptfe\/wp-content\/uploads\/5_Foto-Cristina-Rodr\u00edguez-de-Miguel-628x1024.jpg\" alt=\"\" class=\"wp-image-13528\" style=\"width:158px;height:auto\" srcset=\"https:\/\/enfermeriacanaria.com\/wptfe\/wp-content\/uploads\/5_Foto-Cristina-Rodr\u00edguez-de-Miguel-628x1024.jpg 628w, https:\/\/enfermeriacanaria.com\/wptfe\/wp-content\/uploads\/5_Foto-Cristina-Rodr\u00edguez-de-Miguel-184x300.jpg 184w, https:\/\/enfermeriacanaria.com\/wptfe\/wp-content\/uploads\/5_Foto-Cristina-Rodr\u00edguez-de-Miguel-768x1252.jpg 768w\" sizes=\"(max-width: 628px) 100vw, 628px\" \/><\/figure>\n<\/div>\n\n\n\n<div class=\"wp-block-column is-layout-flow wp-block-column-is-layout-flow\">\n<p><\/p>\n\n\n\n<p><strong><a aria-label=\"D\u00aa. Cristina Rodr\u00edguez de Miguel (abre en una nueva pesta\u00f1a)\" href=\"https:\/\/enfermeriacanaria.com\/wptfe\/?page_id=13540\" target=\"_blank\" rel=\"noreferrer noopener\">D\u00aa. Cristina Rodr\u00edguez de Miguel<\/a>,<\/strong> <strong>Presidenta<\/strong><\/p>\n<\/div>\n<\/div>\n\n\n\n<hr class=\"wp-block-separator has-css-opacity\"\/>\n\n\n\n<div class=\"wp-block-columns has-2-columns is-layout-flex wp-container-core-columns-is-layout-9d6595d7 wp-block-columns-is-layout-flex\">\n<div class=\"wp-block-column is-layout-flow wp-block-column-is-layout-flow\">\n<figure class=\"wp-block-image aligncenter is-resized\"><img decoding=\"async\" width=\"960\" height=\"957\" src=\"https:\/\/enfermeriacanaria.com\/wptfe\/wp-content\/uploads\/2_Foto-Francisco-Javier-Castro-Molina.jpg\" alt=\"\" class=\"wp-image-13525\" style=\"width:178px;height:auto\" srcset=\"https:\/\/enfermeriacanaria.com\/wptfe\/wp-content\/uploads\/2_Foto-Francisco-Javier-Castro-Molina.jpg 960w, https:\/\/enfermeriacanaria.com\/wptfe\/wp-content\/uploads\/2_Foto-Francisco-Javier-Castro-Molina-150x150.jpg 150w, https:\/\/enfermeriacanaria.com\/wptfe\/wp-content\/uploads\/2_Foto-Francisco-Javier-Castro-Molina-300x300.jpg 300w, https:\/\/enfermeriacanaria.com\/wptfe\/wp-content\/uploads\/2_Foto-Francisco-Javier-Castro-Molina-768x766.jpg 768w\" sizes=\"(max-width: 960px) 100vw, 960px\" \/><\/figure>\n<\/div>\n\n\n\n<div class=\"wp-block-column is-layout-flow wp-block-column-is-layout-flow\">\n<p><\/p>\n\n\n\n<p><strong><a href=\"https:\/\/enfermeriacanaria.com\/wptfe\/?page_id=13537\" target=\"_blank\" rel=\"noreferrer noopener\" aria-label=\"D.  Francisco Javier Castro-Molina  (abre en una nueva pesta\u00f1a)\">D. <\/a><\/strong><a href=\"https:\/\/enfermeriacanaria.com\/wptfe\/?page_id=13537\" target=\"_blank\" rel=\"noreferrer noopener\" aria-label=\"D.  Francisco Javier Castro-Molina  (abre en una nueva pesta\u00f1a)\"> <\/a><strong><a href=\"https:\/\/enfermeriacanaria.com\/wptfe\/?page_id=13537\" target=\"_blank\" rel=\"noreferrer noopener\" aria-label=\"D.  Francisco Javier Castro-Molina  (abre en una nueva pesta\u00f1a)\">Francisco Javier Castro-Molina <\/a>, <\/strong> <strong>Secretario<\/strong><\/p>\n<\/div>\n<\/div>\n\n\n\n<hr class=\"wp-block-separator has-css-opacity\"\/>\n\n\n\n<div class=\"wp-block-columns has-2-columns is-layout-flex wp-container-core-columns-is-layout-9d6595d7 wp-block-columns-is-layout-flex\">\n<div class=\"wp-block-column is-layout-flow wp-block-column-is-layout-flow\">\n<figure class=\"wp-block-image aligncenter is-resized\"><img loading=\"lazy\" decoding=\"async\" width=\"747\" height=\"1024\" src=\"https:\/\/enfermeriacanaria.com\/wptfe\/wp-content\/uploads\/3_-Foto-Ram\u00f3n-Cabrera-Padilla-747x1024.jpg\" alt=\"\" class=\"wp-image-13526\" style=\"width:165px;height:auto\" srcset=\"https:\/\/enfermeriacanaria.com\/wptfe\/wp-content\/uploads\/3_-Foto-Ram\u00f3n-Cabrera-Padilla-747x1024.jpg 747w, https:\/\/enfermeriacanaria.com\/wptfe\/wp-content\/uploads\/3_-Foto-Ram\u00f3n-Cabrera-Padilla-219x300.jpg 219w, https:\/\/enfermeriacanaria.com\/wptfe\/wp-content\/uploads\/3_-Foto-Ram\u00f3n-Cabrera-Padilla-768x1052.jpg 768w, https:\/\/enfermeriacanaria.com\/wptfe\/wp-content\/uploads\/3_-Foto-Ram\u00f3n-Cabrera-Padilla.jpg 1029w\" sizes=\"(max-width: 747px) 100vw, 747px\" \/><\/figure>\n<\/div>\n\n\n\n<div class=\"wp-block-column is-layout-flow wp-block-column-is-layout-flow\">\n<p><\/p>\n\n\n\n<p><strong><a href=\"https:\/\/enfermeriacanaria.com\/wptfe\/?page_id=13538\" target=\"_blank\" rel=\"noreferrer noopener\" aria-label=\"D. Ram\u00f3n Cabrera Padilla,  (abre en una nueva pesta\u00f1a)\">D. Ram\u00f3n Cabrera Padilla,<\/a><\/strong><a href=\"https:\/\/enfermeriacanaria.com\/wptfe\/?page_id=13538\" target=\"_blank\" rel=\"noreferrer noopener\" aria-label=\"D. Ram\u00f3n Cabrera Padilla,  (abre en una nueva pesta\u00f1a)\"> <\/a><strong>Vocal<\/strong><\/p>\n<\/div>\n<\/div>\n\n\n\n<hr class=\"wp-block-separator has-css-opacity\"\/>\n\n\n\n<hr class=\"wp-block-separator has-css-opacity\"\/>\n\n\n\n<div class=\"wp-block-columns has-2-columns is-layout-flex wp-container-core-columns-is-layout-9d6595d7 wp-block-columns-is-layout-flex\">\n<div class=\"wp-block-column is-layout-flow wp-block-column-is-layout-flow\">\n<figure class=\"wp-block-image aligncenter is-resized\"><img loading=\"lazy\" decoding=\"async\" width=\"802\" height=\"1024\" src=\"https:\/\/enfermeriacanaria.com\/wptfe\/wp-content\/uploads\/6_Foto-Maximiliano-J.-Valverde-Jerez-802x1024.jpg\" alt=\"\" class=\"wp-image-13529\" style=\"width:170px;height:auto\" srcset=\"https:\/\/enfermeriacanaria.com\/wptfe\/wp-content\/uploads\/6_Foto-Maximiliano-J.-Valverde-Jerez-802x1024.jpg 802w, https:\/\/enfermeriacanaria.com\/wptfe\/wp-content\/uploads\/6_Foto-Maximiliano-J.-Valverde-Jerez-235x300.jpg 235w, https:\/\/enfermeriacanaria.com\/wptfe\/wp-content\/uploads\/6_Foto-Maximiliano-J.-Valverde-Jerez-768x981.jpg 768w, https:\/\/enfermeriacanaria.com\/wptfe\/wp-content\/uploads\/6_Foto-Maximiliano-J.-Valverde-Jerez.jpg 1253w\" sizes=\"(max-width: 802px) 100vw, 802px\" \/><\/figure>\n<\/div>\n\n\n\n<div class=\"wp-block-column is-layout-flow wp-block-column-is-layout-flow\">\n<p><\/p>\n\n\n\n<p><strong><a href=\"https:\/\/enfermeriacanaria.com\/wptfe\/?page_id=13541\" target=\"_blank\" rel=\"noreferrer noopener\" aria-label=\"D. Maximiliano J. Valverde Jerez (abre en una nueva pesta\u00f1a)\">D. Maximiliano J. Valverde Jerez<\/a>,<\/strong><br \/><strong>Vocal <\/strong><\/p>\n<\/div>\n<\/div>\n\n\n\n<hr class=\"wp-block-separator has-css-opacity\"\/>\n\n\n\n<div class=\"wp-block-buttons is-content-justification-center is-layout-flex wp-container-core-buttons-is-layout-16018d1d wp-block-buttons-is-layout-flex\">\n<div class=\"wp-block-button\"><a class=\"wp-block-button__link wp-element-button\" href=\"https:\/\/enfermeriacanaria.com\/wptfe\/wp-content\/uploads\/Comision-Deontologica.odt\" target=\"_blank\" rel=\"noreferrer noopener\">Descargar como ODT<\/a><\/div>\n\n\n\n<div class=\"wp-block-button\"><a class=\"wp-block-button__link wp-element-button\" href=\"https:\/\/enfermeriacanaria.com\/wptfe\/wp-content\/uploads\/Comision-Deontologica.docx\" target=\"_blank\" rel=\"noreferrer noopener\">Descargar como Word<\/a><\/div>\n\n\n\n<div class=\"wp-block-button\"><a class=\"wp-block-button__link wp-element-button\" href=\"https:\/\/enfermeriacanaria.com\/wptfe\/wp-content\/uploads\/Comision-Deontologica.pdf\" target=\"_blank\" rel=\"noreferrer noopener\">Descargar como PDF<\/a><\/div>\n<\/div>\n\n\n\n<p><strong>\u00daltima actualizaci\u00f3n:<\/strong> 04\/07\/2025<\/p>\n\n\n\n<p><\/p>\n<div class=\"pvc_clear\"><\/div><p id=\"pvc_stats_13523\" class=\"pvc_stats all  \" data-element-id=\"13523\" style=\"\"><i class=\"pvc-stats-icon medium\" aria-hidden=\"true\"><svg xmlns=\"http:\/\/www.w3.org\/2000\/svg\" version=\"1.0\" viewBox=\"0 0 502 315\" preserveAspectRatio=\"xMidYMid meet\"><g transform=\"translate(0,332) scale(0.1,-0.1)\" fill=\"\" stroke=\"none\"><path d=\"M2394 3279 l-29 -30 -3 -207 c-2 -182 0 -211 15 -242 39 -76 157 -76 196 0 15 31 17 60 15 243 l-3 209 -33 29 c-26 23 -41 29 -80 29 -41 0 -53 -5 -78 -31z\"\/><path d=\"M3085 3251 c-45 -19 -58 -50 -96 -229 -47 -217 -49 -260 -13 -295 52 -53 146 -42 177 20 16 31 87 366 87 410 0 70 -86 122 -155 94z\"\/><path d=\"M1751 3234 c-13 -9 -29 -31 -37 -50 -12 -29 -10 -49 21 -204 19 -94 39 -189 45 -210 14 -50 54 -80 110 -80 34 0 48 6 76 34 21 21 34 44 34 59 0 14 -18 113 -40 219 -37 178 -43 195 -70 221 -36 32 -101 37 -139 11z\"\/><path d=\"M1163 3073 c-36 -7 -73 -59 -73 -102 0 -56 133 -378 171 -413 34 -32 83 -37 129 -13 70 36 67 87 -16 290 -86 209 -89 214 -129 231 -35 14 -42 15 -82 7z\"\/><path d=\"M3689 3066 c-15 -9 -33 -30 -42 -48 -48 -103 -147 -355 -147 -375 0 -98 131 -148 192 -74 13 15 57 108 97 206 80 196 84 226 37 273 -30 30 -99 39 -137 18z\"\/><path d=\"M583 2784 c-38 -19 -67 -74 -58 -113 9 -42 211 -354 242 -373 16 -10 45 -18 66 -18 51 0 107 52 107 100 0 39 -1 41 -124 234 -80 126 -108 162 -133 173 -41 17 -61 16 -100 -3z\"\/><path d=\"M4250 2784 c-14 -9 -74 -91 -133 -183 -95 -150 -107 -173 -107 -213 0 -55 33 -94 87 -104 67 -13 90 8 211 198 130 202 137 225 78 284 -27 27 -42 34 -72 34 -22 0 -50 -8 -64 -16z\"\/><path d=\"M2275 2693 c-553 -48 -1095 -270 -1585 -649 -135 -104 -459 -423 -483 -476 -23 -49 -22 -139 2 -186 73 -142 361 -457 571 -626 285 -228 642 -407 990 -497 242 -63 336 -73 660 -74 310 0 370 5 595 52 535 111 1045 392 1455 803 122 121 250 273 275 326 19 41 19 137 0 174 -41 79 -309 363 -465 492 -447 370 -946 591 -1479 653 -113 14 -422 18 -536 8z m395 -428 c171 -34 330 -124 456 -258 112 -119 167 -219 211 -378 27 -96 24 -300 -5 -401 -72 -255 -236 -447 -474 -557 -132 -62 -201 -76 -368 -76 -167 0 -236 14 -368 76 -213 98 -373 271 -451 485 -162 444 86 934 547 1084 153 49 292 57 452 25z m909 -232 c222 -123 408 -262 593 -441 76 -74 138 -139 138 -144 0 -16 -233 -242 -330 -319 -155 -123 -309 -223 -461 -299 l-81 -41 32 46 c18 26 49 83 70 128 143 306 141 649 -6 957 -25 52 -61 116 -79 142 l-34 47 45 -20 c26 -10 76 -36 113 -56z m-2057 25 c-40 -58 -105 -190 -130 -263 -110 -324 -59 -707 132 -981 25 -35 42 -64 37 -64 -19 0 -241 119 -326 174 -188 122 -406 314 -532 468 l-58 71 108 103 c185 178 428 349 672 473 66 33 121 60 123 61 2 0 -10 -19 -26 -42z\"\/><path d=\"M2375 1950 c-198 -44 -350 -190 -395 -379 -18 -76 -8 -221 19 -290 114 -284 457 -406 731 -260 98 52 188 154 231 260 27 69 37 214 19 290 -38 163 -166 304 -326 360 -67 23 -215 33 -279 19z\"\/><\/g><\/svg><\/i> <img loading=\"lazy\" decoding=\"async\" width=\"16\" height=\"16\" alt=\"Loading\" src=\"https:\/\/enfermeriacanaria.com\/wptfe\/wp-content\/plugins\/page-views-count\/ajax-loader-2x.gif\" border=0 \/><\/p><div class=\"pvc_clear\"><\/div>","protected":false},"excerpt":{"rendered":"<p>Esta comisi\u00f3n, conformada por expertos en el campo del cuidado, se encargar\u00e1 de velar por el cumplimiento de los m\u00e1s altos est\u00e1ndares de conducta y \u00e9tica en la pr\u00e1ctica enfermera. Profesionales con amplia experiencia profesional [&#8230;]<\/p>\n<div class=\"pvc_clear\"><\/div>\n<p id=\"pvc_stats_13523\" class=\"pvc_stats all  \" data-element-id=\"13523\" style=\"\"><i class=\"pvc-stats-icon medium\" aria-hidden=\"true\"><svg xmlns=\"http:\/\/www.w3.org\/2000\/svg\" version=\"1.0\" viewBox=\"0 0 502 315\" preserveAspectRatio=\"xMidYMid meet\"><g transform=\"translate(0,332) scale(0.1,-0.1)\" fill=\"\" stroke=\"none\"><path d=\"M2394 3279 l-29 -30 -3 -207 c-2 -182 0 -211 15 -242 39 -76 157 -76 196 0 15 31 17 60 15 243 l-3 209 -33 29 c-26 23 -41 29 -80 29 -41 0 -53 -5 -78 -31z\"\/><path d=\"M3085 3251 c-45 -19 -58 -50 -96 -229 -47 -217 -49 -260 -13 -295 52 -53 146 -42 177 20 16 31 87 366 87 410 0 70 -86 122 -155 94z\"\/><path d=\"M1751 3234 c-13 -9 -29 -31 -37 -50 -12 -29 -10 -49 21 -204 19 -94 39 -189 45 -210 14 -50 54 -80 110 -80 34 0 48 6 76 34 21 21 34 44 34 59 0 14 -18 113 -40 219 -37 178 -43 195 -70 221 -36 32 -101 37 -139 11z\"\/><path d=\"M1163 3073 c-36 -7 -73 -59 -73 -102 0 -56 133 -378 171 -413 34 -32 83 -37 129 -13 70 36 67 87 -16 290 -86 209 -89 214 -129 231 -35 14 -42 15 -82 7z\"\/><path d=\"M3689 3066 c-15 -9 -33 -30 -42 -48 -48 -103 -147 -355 -147 -375 0 -98 131 -148 192 -74 13 15 57 108 97 206 80 196 84 226 37 273 -30 30 -99 39 -137 18z\"\/><path d=\"M583 2784 c-38 -19 -67 -74 -58 -113 9 -42 211 -354 242 -373 16 -10 45 -18 66 -18 51 0 107 52 107 100 0 39 -1 41 -124 234 -80 126 -108 162 -133 173 -41 17 -61 16 -100 -3z\"\/><path d=\"M4250 2784 c-14 -9 -74 -91 -133 -183 -95 -150 -107 -173 -107 -213 0 -55 33 -94 87 -104 67 -13 90 8 211 198 130 202 137 225 78 284 -27 27 -42 34 -72 34 -22 0 -50 -8 -64 -16z\"\/><path d=\"M2275 2693 c-553 -48 -1095 -270 -1585 -649 -135 -104 -459 -423 -483 -476 -23 -49 -22 -139 2 -186 73 -142 361 -457 571 -626 285 -228 642 -407 990 -497 242 -63 336 -73 660 -74 310 0 370 5 595 52 535 111 1045 392 1455 803 122 121 250 273 275 326 19 41 19 137 0 174 -41 79 -309 363 -465 492 -447 370 -946 591 -1479 653 -113 14 -422 18 -536 8z m395 -428 c171 -34 330 -124 456 -258 112 -119 167 -219 211 -378 27 -96 24 -300 -5 -401 -72 -255 -236 -447 -474 -557 -132 -62 -201 -76 -368 -76 -167 0 -236 14 -368 76 -213 98 -373 271 -451 485 -162 444 86 934 547 1084 153 49 292 57 452 25z m909 -232 c222 -123 408 -262 593 -441 76 -74 138 -139 138 -144 0 -16 -233 -242 -330 -319 -155 -123 -309 -223 -461 -299 l-81 -41 32 46 c18 26 49 83 70 128 143 306 141 649 -6 957 -25 52 -61 116 -79 142 l-34 47 45 -20 c26 -10 76 -36 113 -56z m-2057 25 c-40 -58 -105 -190 -130 -263 -110 -324 -59 -707 132 -981 25 -35 42 -64 37 -64 -19 0 -241 119 -326 174 -188 122 -406 314 -532 468 l-58 71 108 103 c185 178 428 349 672 473 66 33 121 60 123 61 2 0 -10 -19 -26 -42z\"\/><path d=\"M2375 1950 c-198 -44 -350 -190 -395 -379 -18 -76 -8 -221 19 -290 114 -284 457 -406 731 -260 98 52 188 154 231 260 27 69 37 214 19 290 -38 163 -166 304 -326 360 -67 23 -215 33 -279 19z\"\/><\/g><\/svg><\/i> <img loading=\"lazy\" decoding=\"async\" width=\"16\" height=\"16\" alt=\"Loading\" src=\"https:\/\/enfermeriacanaria.com\/wptfe\/wp-content\/plugins\/page-views-count\/ajax-loader-2x.gif\" border=0 \/><\/p>\n<div class=\"pvc_clear\"><\/div>\n","protected":false},"author":4,"featured_media":0,"parent":9706,"menu_order":0,"comment_status":"closed","ping_status":"closed","template":"","meta":{"footnotes":""},"class_list":["post-13523","page","type-page","status-publish","hentry"],"a3_pvc":{"activated":true,"total_views":279,"today_views":3},"jetpack_sharing_enabled":true,"jetpack_shortlink":"https:\/\/wp.me\/P57dxf-3w7","jetpack_likes_enabled":true,"_links":{"self":[{"href":"https:\/\/enfermeriacanaria.com\/wptfe\/wp-json\/wp\/v2\/pages\/13523","targetHints":{"allow":["GET"]}}],"collection":[{"href":"https:\/\/enfermeriacanaria.com\/wptfe\/wp-json\/wp\/v2\/pages"}],"about":[{"href":"https:\/\/enfermeriacanaria.com\/wptfe\/wp-json\/wp\/v2\/types\/page"}],"author":[{"embeddable":true,"href":"https:\/\/enfermeriacanaria.com\/wptfe\/wp-json\/wp\/v2\/users\/4"}],"replies":[{"embeddable":true,"href":"https:\/\/enfermeriacanaria.com\/wptfe\/wp-json\/wp\/v2\/comments?post=13523"}],"version-history":[{"count":16,"href":"https:\/\/enfermeriacanaria.com\/wptfe\/wp-json\/wp\/v2\/pages\/13523\/revisions"}],"predecessor-version":[{"id":15028,"href":"https:\/\/enfermeriacanaria.com\/wptfe\/wp-json\/wp\/v2\/pages\/13523\/revisions\/15028"}],"up":[{"embeddable":true,"href":"https:\/\/enfermeriacanaria.com\/wptfe\/wp-json\/wp\/v2\/pages\/9706"}],"wp:attachment":[{"href":"https:\/\/enfermeriacanaria.com\/wptfe\/wp-json\/wp\/v2\/media?parent=13523"}],"curies":[{"name":"wp","href":"https:\/\/api.w.org\/{rel}","templated":true}]}}